{"id":912,"date":"2019-08-19T13:50:04","date_gmt":"2019-08-19T11:50:04","guid":{"rendered":"http:\/\/dorian.okinter2.vot.pl\/?page_id=912"},"modified":"2023-01-26T15:49:40","modified_gmt":"2023-01-26T14:49:40","slug":"na-zycie","status":"publish","type":"page","link":"https:\/\/biurogdynia.pl\/ubezpieczenia\/ubezpieczenia\/na-zycie\/","title":{"rendered":"Na \u017cycie"},"content":{"rendered":"<div id=\"pl-912\"  class=\"panel-layout\" ><div id=\"pg-912-0\"  class=\"panel-grid panel-has-style\" ><div class=\"intro panel-row-style panel-row-style-for-912-0\" ><div id=\"pgc-912-0-0\"  class=\"panel-grid-cell\" ><div id=\"panel-912-0-0-0\" class=\"so-panel widget widget_text panel-first-child panel-last-child\" data-index=\"0\" >\t\t\t<div class=\"textwidget\"><h1 class=\"h1Style\">Ubezpieczenie na \u017cycie<\/h1>\n<p><\/p>\n<p style=\"color: #000000; text-align: justify;\">Pomagamy stworzy\u0107 zabezpieczenie dla Ciebie i Twoich bliskich na wypadek choroby b\u0105d\u017a \u015bmierci. Ubezpieczenie na \u017cycie ma na celu zagwarantowanie stabilno\u015bci finansowej w razie powa\u017cnego zachorowania, co z regu\u0142y wi\u0105\u017ce si\u0119 z du\u017cymi wydatkami na leczenie. Polisa jest r\u00f3wnie\u017c form\u0105 zabezpieczenia w przypadku \u015bmierci, bowiem pozwala godnie \u017cy\u0107 pozostawionej rodzinie. Zakres tego \u015bwiadczenia jest zr\u00f3\u017cnicowany, co umo\u017cliwia dopasowanie oferty do indywidualnych potrzeb i preferencji, a tak\u017ce daje mo\u017cliwo\u015b\u0107 przygotowania oferty ze sk\u0142adk\u0105 w preferowanej wysoko\u015bci. Do standardowego ubezpieczenia na \u017cycie mog\u0105 Pa\u0144stwo dobra\u0107 dodatkowe us\u0142ugi, a tym samym zwi\u0119kszy\u0107 poziom swojego bezpiecze\u0144stwa, a tak\u017ce komfortu na wypadek wyst\u0105pienia problem\u00f3w zdrowotnych.<\/p>\n<h2>Best Doctors<\/h2>\n<p align=\"JUSTIFY\"><span style=\"color: black;\">Ubezpieczenie Best Doctors oferuje pomoc medyczn\u0105 w przypadku zachorowania na:<\/span><\/p>\n<p align=\"JUSTIFY\"><span style=\"color: black;\">\u2022 nowotw\u00f3r z\u0142o\u015bliwy, rak nieinwazyjny, rak in situ<br \/>\n\u2022 wymiana\/naprawa zastawki serca, bypassy<br \/>\n\u2022 zabiegi neurochirurgiczne<br \/>\n\u2022 przeszczep narz\u0105d\u00f3w<br \/>\n\u2022 przeszczep szpiku kostnego<br \/>\n\u015awiadczenie polega na organizacji i pokryciu ,koszt\u00f3w leczenia i transportu, w plac\u00f3wkach na ca\u0142ym \u015bwiecie. Wyb\u00f3r plac\u00f3wki jest podyktowany jej specjalizacj\u0105 w leczeniu danej jednostki chorobowej. Limit odpowiedzialno\u015bci ubezpieczyciela to najcz\u0119\u015bciej 1\u00a0000\u00a0000 euro w roku polisowym oraz 2\u00a0000\u00a0000 euro w \u017cyciu polisy. Podczas szkole\u0144 informowano nas, \u017ce nigdy nie zda\u017cy\u0142o si\u0119 wyczerpa\u0107 sumy ubezpieczenia polisy, wi\u0119c jest to odpowiednie zabezpieczenie. <\/span><\/p>\n<h3 style=\"text-align: center; font-size: 30px;\" align=\"JUSTIFY\"><span style=\"font-size: x-large;\">Przyst\u0105pienie<\/span><\/h3>\n<p align=\"JUSTIFY\"><span style=\"color: black;\">Warunkiem przyst\u0105pienia do ubezpieczenia Best Doctors jest wype\u0142nienie ankiety medycznej oraz jej pozytywne przej\u015bcie. Warto r\u00f3wnie\u017c pami\u0119ta\u0107, \u017ce w polisach tego typu obowi\u0105zuje okres karencji w kt\u00f3rym ubezpieczyciel nie odpowiada za \u017cadne zdarzenia obj\u0119te w polisie. Obecnie ankieta medyczna Best Doctors jest rozszerzana o histori\u0119 chor\u00f3b nowotworowych w rodzinie.<\/span><\/p>\n<h3 style=\"text-align: center; font-size: 30px;\" align=\"JUSTIFY\"><span style=\"font-size: x-large;\">Jakie koszty pokrywa ubezpieczenie Best Doctors?<\/span><\/h3>\n<p align=\"JUSTIFY\"><span style=\"color: black;\">Ubezpieczenie Best Doctors pokrywa koszty takie jak<br \/>\n\u2022 opinie i \u015bwiadczenia specjalist\u00f3w \u015bwiatowej klasy &#8211; 50 000 najlepszych lekarzy w 450 specjalizacjach<br \/>\n\u2022 leczenie w renomowanych zagranicznych klinikach<br \/>\n\u2022 pokrycie koszt\u00f3w podr\u00f3\u017cy i pobytu ubezpieczonego wraz z osob\u0105 towarzysz\u0105c\u0105<br \/>\n\u2022 t\u0142umacza<br \/>\n\u2022 pobytu za granic\u0105 zwi\u0105zanego z leczeniem <\/span><\/p>\n<h3 style=\"font-size: 30px;\">Ubezpieczenie od utraty dochodu<\/h3>\n<p align=\"JUSTIFY\"><span style=\"color: black;\">W przypadku zachorowania lub wypadku ubezpieczenie dochodu zapewnia poszkodowanemu \u015bwiadczenie, kt\u00f3re ma na celu wyr\u00f3wna\u0107 jego doch\u00f3d do poziomu sprzed zdarzenia. Jest to gwarancja nawet w przypadku tak b\u0142ahych chor\u00f3b jak angina je\u015bli ubezpieczony przebywa na zwolnieniu lekarskim przys\u0142uguje mu \u015bwiadczenie z tytu\u0142u ubezpieczonego dochodu. Jest to bardzo dobra oferta dla os\u00f3b prowadz\u0105cych w\u0142asn\u0105 dzia\u0142alno\u015b\u0107 gospodarcz\u0105 lub tzw. wolnych zawod\u00f3w. Ubezpieczenie dochodu zapewnia r\u00f3wnie\u017c jednorazowe \u015bwiadczenie w przypadku utraty zdolno\u015bci wykonywania zawodu. Wysoko\u015b\u0107 sk\u0142adki jest znacznie ni\u017csza w por\u00f3wnaniu do \u015bwiadczenia zus a jego zakres jak i wyp\u0142acane sk\u0142adki cz\u0119sto o wiele wy\u017csze. <\/span><\/p>\n<\/div>\n\t\t<\/div><\/div><\/div><\/div><\/div>","protected":false},"excerpt":{"rendered":"<p>Ubezpieczenie na \u017cycie Pomagamy stworzy\u0107 zabezpieczenie dla Ciebie i Twoich bliskich na wypadek choroby b\u0105d\u017a \u015bmierci. Ubezpieczenie na \u017cycie ma na celu zagwarantowanie stabilno\u015bci finansowej w razie powa\u017cnego zachorowania, co z regu\u0142y wi\u0105\u017ce si\u0119 z du\u017cymi wydatkami na leczenie. Polisa jest r\u00f3wnie\u017c form\u0105 zabezpieczenia w przypadku \u015bmierci, bowiem pozwala godnie \u017cy\u0107 pozostawionej rodzinie. Zakres tego [&hellip;]<\/p>\n","protected":false},"author":1,"featured_media":0,"parent":17,"menu_order":0,"comment_status":"closed","ping_status":"closed","template":"ubezpieczenie.php","meta":{"footnotes":""},"class_list":["post-912","page","type-page","status-publish","hentry"],"yoast_head":"<!-- This site is optimized with the Yoast SEO plugin v24.4 - https:\/\/yoast.com\/wordpress\/plugins\/seo\/ -->\n<title>Ubezpieczenie \u017cycia - Tr\u00f3jmiasto, Gdynia, Gda\u0144sk, pomorskie | Abakus<\/title>\n<meta name=\"description\" content=\"Pomo\u017cemy Pa\u0144stwu wybra\u0107 optymalne ubezpieczenie na \u017cycie: uwzgl\u0119dniaj\u0105ce Wasze potrzeby oraz wyzwania, z jakimi si\u0119 zmagacie. Sprawd\u017acie dost\u0119pne opcje!\" \/>\n<meta name=\"robots\" content=\"index, follow, max-snippet:-1, max-image-preview:large, max-video-preview:-1\" \/>\n<link rel=\"canonical\" href=\"https:\/\/biurogdynia.pl\/ubezpieczenia\/ubezpieczenia\/na-zycie\/\" \/>\n<meta property=\"og:locale\" content=\"pl_PL\" \/>\n<meta property=\"og:type\" content=\"article\" \/>\n<meta property=\"og:title\" content=\"Ubezpieczenie \u017cycia - Tr\u00f3jmiasto, Gdynia, Gda\u0144sk, pomorskie | Abakus\" \/>\n<meta property=\"og:description\" content=\"Pomo\u017cemy Pa\u0144stwu wybra\u0107 optymalne ubezpieczenie na \u017cycie: uwzgl\u0119dniaj\u0105ce Wasze potrzeby oraz wyzwania, z jakimi si\u0119 zmagacie. Sprawd\u017acie dost\u0119pne opcje!\" \/>\n<meta property=\"og:url\" content=\"https:\/\/biurogdynia.pl\/ubezpieczenia\/ubezpieczenia\/na-zycie\/\" \/>\n<meta property=\"og:site_name\" content=\"Abakus Ubezpieczenia\" \/>\n<meta property=\"article:modified_time\" content=\"2023-01-26T14:49:40+00:00\" \/>\n<meta name=\"twitter:card\" content=\"summary_large_image\" \/>\n<meta name=\"twitter:label1\" content=\"Szacowany czas czytania\" \/>\n\t<meta name=\"twitter:data1\" content=\"2 minuty\" \/>\n<script type=\"application\/ld+json\" class=\"yoast-schema-graph\">{\"@context\":\"https:\/\/schema.org\",\"@graph\":[{\"@type\":\"WebPage\",\"@id\":\"https:\/\/biurogdynia.pl\/ubezpieczenia\/ubezpieczenia\/na-zycie\/\",\"url\":\"https:\/\/biurogdynia.pl\/ubezpieczenia\/ubezpieczenia\/na-zycie\/\",\"name\":\"Ubezpieczenie \u017cycia - Tr\u00f3jmiasto, Gdynia, Gda\u0144sk, pomorskie | Abakus\",\"isPartOf\":{\"@id\":\"https:\/\/biurogdynia.pl\/ubezpieczenia\/#website\"},\"datePublished\":\"2019-08-19T11:50:04+00:00\",\"dateModified\":\"2023-01-26T14:49:40+00:00\",\"description\":\"Pomo\u017cemy Pa\u0144stwu wybra\u0107 optymalne ubezpieczenie na \u017cycie: uwzgl\u0119dniaj\u0105ce Wasze potrzeby oraz wyzwania, z jakimi si\u0119 zmagacie. Sprawd\u017acie dost\u0119pne opcje!\",\"breadcrumb\":{\"@id\":\"https:\/\/biurogdynia.pl\/ubezpieczenia\/ubezpieczenia\/na-zycie\/#breadcrumb\"},\"inLanguage\":\"pl-PL\",\"potentialAction\":[{\"@type\":\"ReadAction\",\"target\":[\"https:\/\/biurogdynia.pl\/ubezpieczenia\/ubezpieczenia\/na-zycie\/\"]}]},{\"@type\":\"BreadcrumbList\",\"@id\":\"https:\/\/biurogdynia.pl\/ubezpieczenia\/ubezpieczenia\/na-zycie\/#breadcrumb\",\"itemListElement\":[{\"@type\":\"ListItem\",\"position\":1,\"name\":\"Strona g\u0142\u00f3wna\",\"item\":\"https:\/\/biurogdynia.pl\/ubezpieczenia\/\"},{\"@type\":\"ListItem\",\"position\":2,\"name\":\"Ubezpieczenia\",\"item\":\"https:\/\/biurogdynia.pl\/ubezpieczenia\/ubezpieczenia\/\"},{\"@type\":\"ListItem\",\"position\":3,\"name\":\"Na \u017cycie\"}]},{\"@type\":\"WebSite\",\"@id\":\"https:\/\/biurogdynia.pl\/ubezpieczenia\/#website\",\"url\":\"https:\/\/biurogdynia.pl\/ubezpieczenia\/\",\"name\":\"Abakus Ubezpieczenia\",\"description\":\"Ubezpieczenia Tr\u00f3jmiasto, Gdynia, Gda\u0144sk, Sopot, Pomorskie|Firma ubezpieczeniowa Abakus|\",\"potentialAction\":[{\"@type\":\"SearchAction\",\"target\":{\"@type\":\"EntryPoint\",\"urlTemplate\":\"https:\/\/biurogdynia.pl\/ubezpieczenia\/?s={search_term_string}\"},\"query-input\":{\"@type\":\"PropertyValueSpecification\",\"valueRequired\":true,\"valueName\":\"search_term_string\"}}],\"inLanguage\":\"pl-PL\"}]}<\/script>\n<!-- \/ Yoast SEO plugin. -->","yoast_head_json":{"title":"Ubezpieczenie \u017cycia - Tr\u00f3jmiasto, Gdynia, Gda\u0144sk, pomorskie | Abakus","description":"Pomo\u017cemy Pa\u0144stwu wybra\u0107 optymalne ubezpieczenie na \u017cycie: uwzgl\u0119dniaj\u0105ce Wasze potrzeby oraz wyzwania, z jakimi si\u0119 zmagacie. Sprawd\u017acie dost\u0119pne opcje!","robots":{"index":"index","follow":"follow","max-snippet":"max-snippet:-1","max-image-preview":"max-image-preview:large","max-video-preview":"max-video-preview:-1"},"canonical":"https:\/\/biurogdynia.pl\/ubezpieczenia\/ubezpieczenia\/na-zycie\/","og_locale":"pl_PL","og_type":"article","og_title":"Ubezpieczenie \u017cycia - Tr\u00f3jmiasto, Gdynia, Gda\u0144sk, pomorskie | Abakus","og_description":"Pomo\u017cemy Pa\u0144stwu wybra\u0107 optymalne ubezpieczenie na \u017cycie: uwzgl\u0119dniaj\u0105ce Wasze potrzeby oraz wyzwania, z jakimi si\u0119 zmagacie. Sprawd\u017acie dost\u0119pne opcje!","og_url":"https:\/\/biurogdynia.pl\/ubezpieczenia\/ubezpieczenia\/na-zycie\/","og_site_name":"Abakus Ubezpieczenia","article_modified_time":"2023-01-26T14:49:40+00:00","twitter_card":"summary_large_image","twitter_misc":{"Szacowany czas czytania":"2 minuty"},"schema":{"@context":"https:\/\/schema.org","@graph":[{"@type":"WebPage","@id":"https:\/\/biurogdynia.pl\/ubezpieczenia\/ubezpieczenia\/na-zycie\/","url":"https:\/\/biurogdynia.pl\/ubezpieczenia\/ubezpieczenia\/na-zycie\/","name":"Ubezpieczenie \u017cycia - Tr\u00f3jmiasto, Gdynia, Gda\u0144sk, pomorskie | Abakus","isPartOf":{"@id":"https:\/\/biurogdynia.pl\/ubezpieczenia\/#website"},"datePublished":"2019-08-19T11:50:04+00:00","dateModified":"2023-01-26T14:49:40+00:00","description":"Pomo\u017cemy Pa\u0144stwu wybra\u0107 optymalne ubezpieczenie na \u017cycie: uwzgl\u0119dniaj\u0105ce Wasze potrzeby oraz wyzwania, z jakimi si\u0119 zmagacie. Sprawd\u017acie dost\u0119pne opcje!","breadcrumb":{"@id":"https:\/\/biurogdynia.pl\/ubezpieczenia\/ubezpieczenia\/na-zycie\/#breadcrumb"},"inLanguage":"pl-PL","potentialAction":[{"@type":"ReadAction","target":["https:\/\/biurogdynia.pl\/ubezpieczenia\/ubezpieczenia\/na-zycie\/"]}]},{"@type":"BreadcrumbList","@id":"https:\/\/biurogdynia.pl\/ubezpieczenia\/ubezpieczenia\/na-zycie\/#breadcrumb","itemListElement":[{"@type":"ListItem","position":1,"name":"Strona g\u0142\u00f3wna","item":"https:\/\/biurogdynia.pl\/ubezpieczenia\/"},{"@type":"ListItem","position":2,"name":"Ubezpieczenia","item":"https:\/\/biurogdynia.pl\/ubezpieczenia\/ubezpieczenia\/"},{"@type":"ListItem","position":3,"name":"Na \u017cycie"}]},{"@type":"WebSite","@id":"https:\/\/biurogdynia.pl\/ubezpieczenia\/#website","url":"https:\/\/biurogdynia.pl\/ubezpieczenia\/","name":"Abakus Ubezpieczenia","description":"Ubezpieczenia Tr\u00f3jmiasto, Gdynia, Gda\u0144sk, Sopot, Pomorskie|Firma ubezpieczeniowa Abakus|","potentialAction":[{"@type":"SearchAction","target":{"@type":"EntryPoint","urlTemplate":"https:\/\/biurogdynia.pl\/ubezpieczenia\/?s={search_term_string}"},"query-input":{"@type":"PropertyValueSpecification","valueRequired":true,"valueName":"search_term_string"}}],"inLanguage":"pl-PL"}]}},"_links":{"self":[{"href":"https:\/\/biurogdynia.pl\/ubezpieczenia\/wp-json\/wp\/v2\/pages\/912","targetHints":{"allow":["GET"]}}],"collection":[{"href":"https:\/\/biurogdynia.pl\/ubezpieczenia\/wp-json\/wp\/v2\/pages"}],"about":[{"href":"https:\/\/biurogdynia.pl\/ubezpieczenia\/wp-json\/wp\/v2\/types\/page"}],"author":[{"embeddable":true,"href":"https:\/\/biurogdynia.pl\/ubezpieczenia\/wp-json\/wp\/v2\/users\/1"}],"replies":[{"embeddable":true,"href":"https:\/\/biurogdynia.pl\/ubezpieczenia\/wp-json\/wp\/v2\/comments?post=912"}],"version-history":[{"count":0,"href":"https:\/\/biurogdynia.pl\/ubezpieczenia\/wp-json\/wp\/v2\/pages\/912\/revisions"}],"up":[{"embeddable":true,"href":"https:\/\/biurogdynia.pl\/ubezpieczenia\/wp-json\/wp\/v2\/pages\/17"}],"wp:attachment":[{"href":"https:\/\/biurogdynia.pl\/ubezpieczenia\/wp-json\/wp\/v2\/media?parent=912"}],"curies":[{"name":"wp","href":"https:\/\/api.w.org\/{rel}","templated":true}]}}